3373 prime?
True
Is 3401317 prime?
True
Is 31659689 composite?
False
Is 1764167 prime?
False
Is 4004437 a composite number?
True
Is 1379209289 prime?
False
Is 2520577 a composite number?
False
Is 125295463 a prime number?
False
Is 5100649 a prime number?
True
Is 76566331 prime?
True
Is 6419843 a prime number?
True
Is 621976947 composite?
True
Is 467867 a composite number?
False
Is 912122 a prime number?
False
Is 29971499 a composite number?
True
Is 654769 prime?
False
Is 16540231 a composite number?
True
Is 54939839 a prime number?
False
Is 620903 composite?
True
Is 4788731 a prime number?
True
Is 43037 composite?
False
Is 5419653 prime?
False
Is 62036081 prime?
False
Is 360387821 a composite number?
False
Is 43352303 a prime number?
False
Is 182496434 composite?
True
Is 86837 a composite number?
False
Is 785047 composite?
True
Is 161884091 a composite number?
False
Is 728532151 prime?
True
Is 12225517 a composite number?
True
Is 2258749 a composite number?
True
Is 52545163 composite?
True
Is 29786501 composite?
True
Is 73757105 prime?
False
Is 272245559 a prime number?
False
Is 1220111 prime?
False
Is 4685827 a composite number?
False
Is 89005971 prime?
False
Is 425589599 a prime number?
True
Is 8457187 composite?
True
Is 98679863 a composite number?
True
Is 530799 prime?
False
Is 7152097 a composite number?
False
Is 32959 prime?
False
Is 335761 a composite number?
True
Is 90283 prime?
False
Is 98491343 a composite number?
True
Is 3217287 prime?
False
Is 2081967 a prime number?
False
Is 8431531 a composite number?
True
Is 41931209 prime?
False
Is 5298935 composite?
True
Is 17149309 a prime number?
False
Is 2704271 prime?
False
Is 30499411 composite?
True
Is 12748919 a prime number?
True
Is 2410817 a prime number?
False
Is 803487 a prime number?
False
Is 5725553 composite?
True
Is 2450289 a prime number?
False
Is 71527163 composite?
True
Is 215578383 prime?
False
Is 1082129 composite?
False
Is 49829 composite?
True
Is 12001109 a composite number?
False
Is 164995367 composite?
False
Is 7983485 a composite number?
True
Is 2123785 prime?
False
Is 3282259 prime?
False
Is 4719119 a composite number?
False
Is 7764499 composite?
True
Is 67771169 a prime number?
True
Is 122357 composite?
True
Is 489179 a prime number?
True
Is 5230787 a prime number?
False
Is 160113061 a prime number?
True
Is 44959879 composite?
False
Is 3817829 a composite number?
False
Is 65538329 prime?
True
Is 19437127 a composite number?
False
Is 3958135 composite?
True
Is 25248593 composite?
False
Is 288822263 composite?
False
Is 190430857 a prime number?
True
Is 1121509 composite?
False
Is 12007951 prime?
False
Is 117047911 a prime number?
True
Is 110745095 prime?
False
Is 2790497 a prime number?
True
Is 26768737 composite?
True
Is 544892923 a prime number?
True
Is 15040169 prime?
True
Is 10033321 a composite number?
False
Is 394039 prime?
True
Is 1480267 prime?
False
Is 21147527 composite?
True
Is 7381343 a prime number?
True
Is 4899749 prime?
False
Is 338028331 composite?
True
Is 12529547 prime?
True
Is 563039 a prime number?
True
Is 3200411 a prime number?
False
Is 29055281 composite?
False
Is 42430357 a composite number?
False
Is 25755869 composite?
False
Is 471041 a prime number?
True
Is 27818447 a composite number?
False
Is 33881387 composite?
False
Is 453471989 prime?
False
Is 5983969 prime?
True
Is 1439557 a prime number?
False
Is 71359339 a prime number?
True
Is 25396363 composite?
False
Is 10049009 composite?
False
Is 529127321 a composite number?
True
Is 20005463 prime?
False
Is 38608499 a composite number?
False
Is 2412959 a prime number?
True
Is 161773691 a composite number?
False
Is 3644117 a prime number?
True
Is 996763 a composite number?
False
Is 594863 prime?
False
Is 7714921 composite?
False
Is 17286081 a prime number?
False
Is 628799 composite?
False
Is 22373189 composite?
False
Is 5504869 composite?
False
Is 11965799 a composite number?
True
Is 61278361 prime?
False
Is 629371 a prime number?
True
Is 94218919 a composite number?
False
Is 6152771 composite?
False
Is 2791297 a composite number?
False
Is 532879441 prime?
True
Is 4489937 a composite number?
False
Is 311352959 a composite number?
False
Is 592793 composite?
False
Is 501253 prime?
False
Is 985163 a prime number?
False
Is 70239583 prime?
False
Is 52570157 prime?
False
Is 13192621 prime?
False
Is 24812251 a prime number?
False
Is 41579917 prime?
False
Is 1804078 a composite number?
True
Is 18146147 a composite number?
False
Is 6309493 a prime number?
False
Is 10688131 a composite number?
False
Is 1431547003 composite?
False
Is 23689049 a prime number?
False
Is 43588477 a composite number?
False
Is 14917457 a prime number?
False
Is 2997517 composite?
True
Is 15463297 prime?
False
Is 74494659 prime?
False
Is 99651733 a composite number?
False
Is 3478309 composite?
False
Is 78963323 prime?
True
Is 156393382 composite?
True
Is 15623609 a composite number?
True
Is 4157407 a composite number?
True
Is 87598249 composite?
True
Is 1380149 a prime number?
True
Is 47857321 prime?
False
Is 240342485 composite?
True
Is 3609317 a prime number?
False
Is 22645417 a composite number?
False
Is 14197749 composite?
True
Is 213637 a composite number?
False
Is 11751377 prime?
False
Is 21448163 prime?
False
Is 55680043 a composite number?
False
Is 6534181 a prime number?
False
Is 23183723 composite?
True
Is 73018289 a prime number?
False
Is 40297193 a composite number?
False
Is 461827 composite?
True
Is 7771937 a composite number?
True
Is 13552739 composite?
False
Is 277247 composite?
False
Is 216143 a prime number?
False
Is 13022927 a composite number?
True
Is 32872591 a composite number?
True
Is 57393941 composite?
True
Is 1408571 a composite number?
True
Is 41863079 composite?
True
Is 91523813 a prime number?
True
Is 28470451 prime?
True
Is 176267453 a prime number?
False
Is 353795231 composite?
False
Is 1274117939 a prime number?
True
Is 430726171 a composite number?
False
Is 46975987 a prime number?
True
Is 356443133 composite?
False
Is 31785141 a composite number?
True
Is 256563667 composite?
True
Is 265835111 prime?
True
Is 4158709 composite?
True
Is 829561 a prime number?
True
Is 557560401 a prime number?
False
Is 126675877 a prime number?
False
Is 2021489 prime?
True
Is 1183067 prime?
False
Is 427187 a composite number?
True
Is 91680657 a prime number?
False
Is 3990331 prime?
True
Is 1361357 a prime number?
True
Is 23900203 composite?
False
Is 36567241 prime?
True
Is 10176389 a prime number?
False
Is 3487811 composite?
True
Is 17795623 composite?
True
Is 2179977 prime?
False
Is 333841037 a prime number?
True
Is 161363 a composite number?
False
Is 845511 a composite number?
True
Is 1744453 a composite number?
True
Is 3905537 a prime number?
False
Is 2108011 a composite number?
True
Is 53499143 composite?
True
Is 61919191 prime?
True
Is 96623503 composite?
False
Is 3300487 composite?
True
Is 83098651 a composite number?
False
Is 455629021 composite?
False
Is 230070583 prime?
True
Is 361760059 a prime number?
False
Is 17339293 a prime number?
True
Is 268316273 a composite number?
False
Is 2972323 prime?
True
Is 11627279 prime?
False
Is 4171283 a composite number?
False
Is 8334751 a prime number?
True
Is 23118049 prime?
False
Is 5042651 a composite number?
True
Is 1287787 a prime number?
True
Is 1400249 composite?
False
Is 21231641 a prime number?
False
Is 43790917 prime?
True
Is 237562957 composite?
True
Is 269104307 a prime number?
True
Is 75011641 composite?
False
Is 13999957 a composite number?
False
Is 14560971 composite?
True
Is 38904158 composite?
True
Is 252492389 a prime number?
True
Is 398719 composite?
True
Is 620145983 a prime number?
False
Is 204313731 a composite number?
True
Is 210097289 a prime number?
False
Is 826207 composite?
True
Is 229349 a composite number?
True
Is 2724329 composite?
False
Is 2957767 composite?
False
Is 172109261 prime?
True
Is 2291698 composite?
True
Is 970153 a composite number?
True
Is 808033 prime?
False
Is 40635437 a prime number?
True
Is 22077019 a prime number?
True
Is 78371203 prime?
True
Is 8222333 a prime number?
False
Is 13584371 a prime number?
False
Is 126576121 composite?
True
Is 907258321 a composite number?
False
Is 2839321 a prime number?
False
Is 101731129 a